e of 2355?
False
Is 1911 a factor of 215465250?
True
Is 21 a factor of 244069938?
True
Is 213064450 a multiple of 1450?
True
Is 98 a factor of 16355584?
False
Is 98533605 a multiple of 183?
True
Is 9462580 a multiple of 10?
True
Does 259 divide 89700765?
True
Does 56 divide 10568729?
False
Is 12 a factor of 5911752?
True
Is 11 a factor of 57629270?
False
Is 3 a factor of 28622729?
False
Is 123355302 a multiple of 138?
True
Is 39549242 a multiple of 17?
True
Does 31 divide 109035342?
False
Is 33238026 a multiple of 27?
True
Is 26 a factor of 732174602?
False
Does 81 divide 4432804785?
True
Is 6 a factor of 3524706?
True
Is 1368 a factor of 825708980?
False
Does 98 divide 51848087?
False
Is 1918917 a multiple of 1287?
True
Is 596479614 a multiple of 4?
False
Is 338425092 a multiple of 338?
False
Does 92 divide 84334989?
False
Is 15 a factor of 51695656?
False
Is 1387593939 a multiple of 788?
False
Is 80 a factor of 32648400?
True
Does 221 divide 20734441?
True
Is 93177724 a multiple of 26?
False
Does 21 divide 3974961?
False
Is 4737110 a multiple of 74?
True
Is 10 a factor of 21900730?
True
Is 2136 a factor of 21717400?
False
Is 279810656 a multiple of 82?
False
Is 9591027 a multiple of 1603?
False
Does 94 divide 23500510?
False
Does 4 divide 823090?
False
Does 215 divide 45208265?
True
Does 106 divide 1222895?
False
Does 399 divide 1627950978?
False
Is 11 a factor of 360751248?
True
Does 87 divide 58306704?
True
Does 7 divide 528515251?
False
Is 3628 a factor of 83842111?
False
Is 35849004 a multiple of 4?
True
Does 5 divide 27203195?
True
Is 2015510516 a multiple of 9?
False
Is 2312 a factor of 946664584?
True
Is 710 a factor of 15626390?
True
Is 401 a factor of 8730171?
True
Is 42 a factor of 72527920?
False
Does 1561 divide 1196089713?
True
Does 13 divide 9274685?
False
Is 11 a factor of 5017859?
True
Does 70 divide 7936320?
True
Is 3942363866 a multiple of 644?
False
Is 43 a factor of 45580283?
False
Does 130 divide 71767280?
True
Is 6269029 a multiple of 314?
False
Is 25069036 a multiple of 1468?
True
Is 95048646 a multiple of 33?
True
Is 150 a factor of 3388532?
False
Is 7933483 a multiple of 4?
False
Does 5034 divide 894211235?
False
Is 170696095 a multiple of 51?
False
Does 320 divide 1070232447?
False
Does 118 divide 96748722?
False
Is 246883692 a multiple of 2591?
False
Is 671 a factor of 920856842?
False
Is 186 a factor of 26425705?
False
Is 554449082 a multiple of 244?
False
Is 5 a factor of 97478085?
True
Does 6 divide 73394532?
True
Is 395696242 a multiple of 481?
False
Is 22941100 a multiple of 1300?
True
Does 269 divide 49688335?
True
Is 624380260 a multiple of 33?
False
Is 1625325560 a multiple of 10?
True
Is 851340 a multiple of 140?
True
Is 11 a factor of 15273401?
True
Does 2595 divide 1084876080?
True
Is 7 a factor of 1037386?
True
Is 1649725503 a multiple of 13?
False
Is 999364742 a multiple of 127?
False
Is 3469006 a multiple of 11?
False
Is 17 a factor of 13853948?
False
Is 100 a factor of 35865900?
True
Does 394 divide 16830984?
False
Does 162 divide 10437556?
False
Is 8 a factor of 2157490485?
False
Is 118182885 a multiple of 27?
False
Does 38 divide 1483066508?
True
Is 37648627 a multiple of 2?
False
Is 114 a factor of 18120430?
False
Does 10 divide 39666510?
True
Is 22119497 a multiple of 22?
False
Does 13 divide 99591188?
False
Is 346462580 a multiple of 200?
False
Is 70536254 a multiple of 151?
False
Is 146709548 a multiple of 5?
False
Is 701855625 a multiple of 3405?
True
Is 209580840 a multiple of 35?
True
Is 3094129 a multiple of 178?
False
Does 12 divide 51492324?
True
Is 96 a factor of 1261951584?
True
Is 7 a factor of 60315603?
False
Does 64 divide 243831360?
True
Does 57 divide 53097438?
True
Is 16555208 a multiple of 1954?
False
Is 84 a factor of 29639891?
False
Does 15 divide 735393667?
False
Is 2376214 a multiple of 27?
False
Is 74 a factor of 35866024?
True
Does 341 divide 3259979?
False
Does 92 divide 17380371?
False
Is 33 a factor of 66260202?
False
Is 3 a factor of 59714?
False
Is 172 a factor of 30761285?
False
Is 412 a factor of 29786177?
False
Is 159 a factor of 508180854?
True
Is 30372140 a multiple of 13?
False
Does 18 divide 43818894?
True
Is 1554 a factor of 126929166?
True
Is 465889522 a multiple of 119?
True
Is 86942622 a multiple of 422?
False
Does 26 divide 11700182?
True
Does 15 divide 251926214?
False
Is 40 a factor of 58273665?
False
Does 5040 divide 486614572?
False
Is 67827712 a multiple of 320?
False
Is 46 a factor of 1074706924?
True
Does 155 divide 294058541?
False
Is 478259731 a multiple of 757?
True
Is 26 a factor of 20902154?
True
Is 102208638 a multiple of 4997?
True
Is 56 a factor of 229434800?
True
Is 40 a factor of 282698800?
True
Is 62471557 a multiple of 89?
False
Is 427 a factor of 1768318447?
True
Does 330 divide 2223210?
True
Is 189032360 a multiple of 698?
True
Does 814 divide 213168692?
True
Is 5 a factor of 29710645?
True
Does 11 divide 60699158?
False
Does 1437 divide 20356542?
True
Is 62983292 a multiple of 23?
True
Is 125 a factor of 1539162500?
True
Does 77 divide 125231568?
True
Is 5784884 a multiple of 1693?
False
Is 7 a factor of 8978799?
False
Is 135 a factor of 25531875?
True
Is 55309240 a multiple of 196?
True
Is 4002 a factor of 353608716?
True
Is 200 a factor of 16351400?
True
Is 4 a factor of 95856126?
False
Is 2 a factor of 23889460?
True
Is 214 a factor of 12601576?
False
Does 56 divide 13517753?
False
Does 51 divide 9592742?
False
Is 881 a factor of 1493885830?
False
Is 9184291 a multiple of 602?
False
Is 13613317 a multiple of 875?
False
Is 20 a factor of 198325539?
False
Is 105150804 a multiple of 11?
True
Does 860 divide 37851180?
True
Is 42099552 a multiple of 1096?
True
Is 12 a factor of 113664984?
True
Is 1808 a factor of 1154340682?
False
Is 935042042 a multiple of 11?
True
Is 115068212 a multiple of 11?
False
Is 11 a factor of 38848298?
False
Is 583 a factor of 4260153150?
False
Is 7778232 a multiple of 7?
True
Does 90 divide 63804870?
True
Does 3605 divide 51348313?
False
Is 1871 a factor of 145790191?
True
Does 117 divide 543843468?
False
Does 549 divide 2105550603?
True
Is 897 a factor of 19266251?
False
Is 900886 a multiple of 556?
False
Does 1626 divide 153331534?
False
Is 8564322 a multiple of 1861?
True
Is 1426961 a multiple of 25?
False
Is 259523782 a multiple of 504?
False
Is 192471982 a multiple of 3?
False
Is 21 a factor of 7358972?
False
Is 85935891 a multiple of 2218?
False
Is 33002928 a multiple of 522?
True
Is 82617543 a multiple of 2?
False
Is 2 a factor of 15181832?
True
Is 71677940 a multiple of 31?
False
Is 830842627 a multiple of 3229?
False
Does 135 divide 3181410?
True
Is 167 a factor of 71101093?
False
Is 170037720 a multiple of 120?
True
Does 54 divide 24250438?
False
Is 378 a factor of 418876920?
True
Does 16 divide 133338585?
False
Is 14 a factor of 11851416?
False
Is 127087338 a multiple of 87?
True
Is 23010060 a multiple of 30?
True
Is 940 a factor of 4678719205?
False
Is 5330754 a multiple of 418?
True
Is 113 a factor of 90925789?
True
Does 628 divide 1029611024?
True
Does 24 divide 35798520?
True
Is 854 a factor of 65100420?
True
Does 3112 divide 5502373880?
True
Is 56721265 a multiple of 1956?
False
Is 2450140128 a multiple of 2859?
True
Is 92448970 a multiple of 10?
True
Is 18 a factor of 184939819?
False
Is 3163151 a multiple of 7?
False
Is 1202 a factor of 219807239?
False
Is 301091254 a multiple of 394?
True
Is 116 a factor of 5424405?
False
Is 13525466 a multiple of 293?
True
Is 248672800 a multiple of 5216?
True
Is 739402622 a multiple of 729?
False
Does 23 divide 51453691?
True
Is 5858 a factor of 76769090?
True
Does 11 divide 90108710?
False
Does 269 divide 191182604?
True
Is 307 a factor of 124176815?
False
Is 1862289613 a multiple of 171?
False
Is 189845541 a multiple of 7?
False
Is 745212129 a multiple of 19?
True
Is 12 a factor of 1874166648?
True
Does 1263 divide 73086185?
False
Is 53771635 a multiple of 34?
False
Is 3 a factor of 24207379?
False
Is 111806448 a multiple of 6?
True
Is 20 a factor of 9603604540?
True
Is 10267993 a multiple of 436?
False
Is 3199 a factor of 1058305149?
False
Is 367879636 a multiple of 522?
False
Is 1045 a factor of 46707593?
False
Does 842 divide 1316686762?
True
Do